{"id":52,"date":"2019-04-12T18:43:08","date_gmt":"2019-04-12T16:43:08","guid":{"rendered":"http:\/\/gerasdorf-oldtimer-classic.at\/?page_id=52"},"modified":"2026-05-05T14:51:54","modified_gmt":"2026-05-05T12:51:54","slug":"leistungen","status":"publish","type":"page","link":"https:\/\/gerasdorf-oldtimer-classic.at\/index.php\/anmeldung-nennung\/leistungen\/","title":{"rendered":"Leistungen"},"content":{"rendered":"\n<h3 class=\"wp-block-heading\"><strong>Inkludierte Leistungen<\/strong><\/h3>\n\n\n\n<ul class=\"wp-block-list\">\n<li>Administrative Abnahme<\/li>\n\n\n\n<li>Ausgabe der Startnummern inkl. professioneller Folienbeklebung<\/li>\n\n\n\n<li>Fahrerbesprechung<\/li>\n\n\n\n<li>Startpaket mit hochwertigem Geschenk<\/li>\n\n\n\n<li>Detailliertes Roadbook f\u00fcr die gesamte Strecke<\/li>\n\n\n\n<li>Pr\u00e4zise Zeitnehmung f\u00fcr alle Timingpr\u00fcfungen<\/li>\n\n\n\n<li>Poloshirt f\u00fcr Fahrer und Beifahrer<\/li>\n\n\n\n<li>Pannenhilfe w\u00e4hrend der Veranstaltung<\/li>\n\n\n\n<li>Troph\u00e4en, Ehren- und Sachpreise<\/li>\n\n\n\n<li>Fotografen am Start\/Ziel und entlang ausgew\u00e4hlter Streckenabschnitte <em>(Fotos k\u00f6nnen separat erworben werden)<\/em><\/li>\n<\/ul>\n\n\n\n<h2 class=\"wp-block-heading\"><strong>Kulinarische Versorgung<\/strong><\/h2>\n\n\n\n<p>Damit die Oldtimer\u2011Tour nicht nur fahrerisch, sondern auch kulinarisch \u00fcberzeugt, sind folgende Verpflegungen inkludiert:<\/p>\n\n\n\n<ul class=\"wp-block-list\">\n<li>Fr\u00fchst\u00fcck mit Kaffee<\/li>\n\n\n\n<li>Mittagssnack<\/li>\n\n\n\n<li>Kaffee &amp; Kuchen in einem Partnerort<\/li>\n\n\n\n<li>Abendgala inkl. Getr\u00e4nk<\/li>\n<\/ul>\n\n\n\n<h2 class=\"wp-block-heading\"><strong>Pr\u00e4mierung &amp; Wertung<\/strong><\/h2>\n\n\n\n<p>Alle TeilnehmerInnen erhalten eine <strong>Medaille<\/strong>. Zus\u00e4tzlich werden ausgezeichnet:<\/p>\n\n\n\n<ul class=\"wp-block-list\">\n<li>1.\u20133. Platz jeder Epoche (I\u2013V)<\/li>\n\n\n\n<li>Gesamtsieger 1.\u20133. Platz<\/li>\n\n\n\n<li>Gesamtsiegerin der Fahrerinnen<\/li>\n<\/ul>\n\n\n\n<p>Die Wertung erfolgt nach einem klaren, fairen System basierend auf <strong>Timingpr\u00fcfungen<\/strong>, Zeitgenauigkeit und eventuellen Strafpunkten.<\/p>\n\n\n\n<h2 class=\"wp-block-heading\"><strong>Timingpr\u00fcfungen \u2013 Pr\u00e4zision statt Stress<\/strong><\/h2>\n\n\n\n<p>Unsere Rallye verzichtet bewusst auf klassische Schnittpr\u00fcfungen. Dadurch bleibt mehr Zeit, die <strong>wundersch\u00f6nen Landstra\u00dfen<\/strong>, die Landschaft und die kulinarischen Highlights zu genie\u00dfen.<\/p>\n\n\n\n<p>Stattdessen erwarten die Teilnehmer:<\/p>\n\n\n\n<ul class=\"wp-block-list\">\n<li>ca. <strong>5 Timingpr\u00fcfungen<\/strong><\/li>\n\n\n\n<li>zus\u00e4tzliche <strong>Passierkontrollen<\/strong><\/li>\n<\/ul>\n\n\n\n<p>Diese sorgen f\u00fcr sportliche Spannung, ohne den Genusscharakter der Veranstaltung zu beeintr\u00e4chtigen.<\/p>\n\n\n\n<p><\/p>\n","protected":false},"excerpt":{"rendered":"<p>Inkludierte Leistungen Kulinarische Versorgung Damit die Oldtimer\u2011Tour nicht nur fahrerisch, sondern auch kulinarisch \u00fcberzeugt, sind folgende Verpflegungen inkludiert: Pr\u00e4mierung &amp; Wertung Alle TeilnehmerInnen erhalten eine Medaille. Zus\u00e4tzlich werden ausgezeichnet: Die Wertung erfolgt nach einem klaren, fairen System basierend auf Timingpr\u00fcfungen, Zeitgenauigkeit und eventuellen Strafpunkten. Timingpr\u00fcfungen \u2013 Pr\u00e4zision statt Stress Unsere Rallye verzichtet bewusst auf klassische [&hellip;]<\/p>\n","protected":false},"author":1,"featured_media":0,"parent":46,"menu_order":4,"comment_status":"closed","ping_status":"closed","template":"","meta":{"footnotes":""},"class_list":["post-52","page","type-page","status-publish","hentry"],"_links":{"self":[{"href":"https:\/\/gerasdorf-oldtimer-classic.at\/index.php\/wp-json\/wp\/v2\/pages\/52","targetHints":{"allow":["GET"]}}],"collection":[{"href":"https:\/\/gerasdorf-oldtimer-classic.at\/index.php\/wp-json\/wp\/v2\/pages"}],"about":[{"href":"https:\/\/gerasdorf-oldtimer-classic.at\/index.php\/wp-json\/wp\/v2\/types\/page"}],"author":[{"embeddable":true,"href":"https:\/\/gerasdorf-oldtimer-classic.at\/index.php\/wp-json\/wp\/v2\/users\/1"}],"replies":[{"embeddable":true,"href":"https:\/\/gerasdorf-oldtimer-classic.at\/index.php\/wp-json\/wp\/v2\/comments?post=52"}],"version-history":[{"count":6,"href":"https:\/\/gerasdorf-oldtimer-classic.at\/index.php\/wp-json\/wp\/v2\/pages\/52\/revisions"}],"predecessor-version":[{"id":5282,"href":"https:\/\/gerasdorf-oldtimer-classic.at\/index.php\/wp-json\/wp\/v2\/pages\/52\/revisions\/5282"}],"up":[{"embeddable":true,"href":"https:\/\/gerasdorf-oldtimer-classic.at\/index.php\/wp-json\/wp\/v2\/pages\/46"}],"wp:attachment":[{"href":"https:\/\/gerasdorf-oldtimer-classic.at\/index.php\/wp-json\/wp\/v2\/media?parent=52"}],"curies":[{"name":"wp","href":"https:\/\/api.w.org\/{rel}","templated":true}]}}